
What are the prime factors of 122228?
2, 30557
What are the prime factors of 114562?
2, 7, 167
List the prime factors of 37930235.
5, 7, 1083721
What are the prime factors of 2759796?
2, 3, 13, 5897
What are the prime factors of 60151?
7, 13, 661
List the prime factors of 470030.
2, 5, 11, 4273
What are the prime factors of 196357?
7, 28051
List the prime factors of 29005618.
2, 1061, 13669
List the prime factors of 322860.
2, 3, 5, 5381
List the prime factors of 3314871.
3, 7, 17539
What are the prime factors of 1140475?
5, 7, 19
List the prime factors of 368995.
5, 11, 6709
What are the prime factors of 109623?
3, 36541
List the prime factors of 14868083.
14868083
List the prime factors of 67355.
5, 19, 709
List the prime factors of 24126696.
2, 3, 11, 41, 743
List the prime factors of 2095166.
2, 31, 47, 719
What are the prime factors of 1362151?
7, 27799
List the prime factors of 187621.
7, 547
List the prime factors of 18053992.
2, 11, 193, 1063
What are the prime factors of 780420?
2, 3, 5, 13007
List the prime factors of 6090501.
3, 67, 157, 193
What are the prime factors of 2404113?
3, 801371
What are the prime factors of 109180?
2, 5, 53, 103
What are the prime factors of 162362?
2, 81181
List the prime factors of 23658.
2, 3, 3943
List the prime factors of 4408819.
883, 4993
What are the prime factors of 121057?
17, 7121
List the prime factors of 1074909.
3, 11, 32573
What are the prime factors of 802285?
5, 11, 29, 503
List the prime factors of 5350351.
2099, 2549
List the prime factors of 2253387.
3, 29, 59, 439
What are the prime factors of 536683?
7, 43, 1783
List the prime factors of 1676823.
3, 367, 1523
What are the prime factors of 632775?
3, 5, 11, 13, 59
List the prime factors of 4727996.
2, 7, 13, 31, 419
List the prime factors of 32472481.
23, 1411847
List the prime factors of 66496.
2, 1039
What are the prime factors of 98492?
2, 24623
List the prime factors of 75713.
11, 6883
What are the prime factors of 3106034?
2, 1553017
What are the prime factors of 164222?
2, 157, 523
List the prime factors of 12190302.
2, 3, 677239
What are the prime factors of 28055?
5, 31, 181
What are the prime factors of 4087700?
2, 5, 41, 997
List the prime factors of 747405.
3, 5, 17, 977
List the prime factors of 1145704.
2, 7, 41, 499
What are the prime factors of 293367?
3, 97789
What are the prime factors of 3519762?
2, 3, 586627
What are the prime factors of 5245038?
2, 3, 211, 1381
What are the prime factors of 183813?
3, 7, 8753
What are the prime factors of 967522?
2, 483761
What are the prime factors of 423415?
5, 19, 4457
List the prime factors of 1260397.
17, 151, 491
What are the prime factors of 2971405?
5, 594281
List the prime factors of 10656581.
13, 819737
List the prime factors of 103971.
3, 7, 4951
What are the prime factors of 12623013?
3, 13, 35963
List the prime factors of 50146.
2, 25073
List the prime factors of 68288.
2, 11, 97
List the prime factors of 18982084.
2, 11, 23, 18757
What are the prime factors of 9930918?
2, 3, 1655153
What are the prime factors of 73929?
3, 19, 1297
List the prime factors of 7755446.
2, 277, 13999
What are the prime factors of 15931987?
15931987
What are the prime factors of 93?
3, 31
What are the prime factors of 161494?
2, 80747
List the prime factors of 114175.
5, 4567
What are the prime factors of 216990?
2, 3, 5, 2411
What are the prime factors of 2642724?
2, 3, 7, 10487
List the prime factors of 267650.
2, 5, 53, 101
What are the prime factors of 367902?
2, 3, 757
What are the prime factors of 3844677?
3, 271, 4729
List the prime factors of 816009.
3, 272003
List the prime factors of 863418.
2, 3, 151, 953
List the prime factors of 12217073.
11, 1110643
List the prime factors of 84267.
3, 3121
List the prime factors of 458364.
2, 3, 38197
List the prime factors of 6859016.
2, 43, 127, 157
What are the prime factors of 11020506?
2, 3, 7, 131, 2003
What are the prime factors of 172205?
5, 11, 31, 101
List the prime factors of 18757995.
3, 5, 23, 54371
What are the prime factors of 3206152?
2, 47, 8527
What are the prime factors of 907100?
2, 5, 47, 193
What are the prime factors of 3987055?
5, 19, 41969
List the prime factors of 168985.
5, 33797
List the prime factors of 1021665.
3, 5, 68111
What are the prime factors of 4805729?
163, 29483
List the prime factors of 56194.
2, 28097
List the prime factors of 105926.
2, 52963
List the prime factors of 147082.
2, 13, 5657
List the prime factors of 12349025.
5, 13, 37997
What are the prime factors of 18923989?
7, 2703427
What are the prime factors of 405280?
2, 5, 17, 149
List the prime factors of 5406132.
2, 3, 43, 10477
List the prime factors of 5640423.
3, 47, 109, 367
What are the prime factors of 2031853?
113, 17981
What are the prime factors of 9467595?
3, 5, 210391
List the prime factors of 21534653.
7, 487, 6317
List the prime factors of 276127.
19, 14533
List the prime factors of 5471875.
5, 17, 103
List the prime factors of 8957987.
19, 383, 1231
What are the prime factors of 4702267?
4702267
List the prime factors of 4994921.
71, 70351
What are the prime factors of 711075?
3, 5, 19, 499
What are the prime factors of 4248501?
3, 1416167
What are the prime factors of 1890962?
2, 945481
List the prime factors of 85144.
2, 29, 367
List the prime factors of 806456.
2, 7, 14401
List the prime factors of 5237420.
2, 5, 307, 853
List the prime factors of 861678.
2, 3, 197
What are the prime factors of 2869597?
311, 9227
What are the prime factors of 189078?
2, 3, 31513
List the prime factors of 325020.
2, 3, 5, 5417
List the prime factors of 1176707.
7, 97, 1733
What are the prime factors of 11297281?
11297281
What are the prime factors of 638199?
3, 7879
List the prime factors of 168930.
2, 3, 5, 1877
List the prime factors of 7992404.
2, 7, 397, 719
What are the prime factors of 12918163?
463, 27901
List the prime factors of 567563.
41, 109, 127
What are the prime factors of 19075818?
2, 3, 3179303
What are the prime factors of 5468735?
5, 1093747
List the prime factors of 726404.
2, 7, 25943
List the prime factors of 989655.
3, 5, 17, 3881
What are the prime factors of 196819?
7, 31, 907
What are the prime factors of 170813?
170813
List the prime factors of 20088055.
5, 13, 199, 1553
List the prime factors of 239023.
239023
List the prime factors of 15840481.
17, 53, 17581
List the prime factors of 13928786.
2, 19, 366547
What are the prime factors of 2833284?
2, 3, 236107
What are the prime factors of 1744811?
43, 40577
List the prime factors of 6501086.
2, 53, 61331
What are the prime factors of 6494196?
2, 3, 53, 10211
List the prime factors of 89549.
149, 601
List the prime factors of 1841461.
19, 5101
List the prime factors of 10889544.
2, 3, 37, 12263
List the prime factors of 198260.
2, 5, 23, 431
What are the prime factors of 2022977?
11, 183907
List the prime factors of 1652365.
5, 11, 13, 2311
List the prime factors of 12822674.
2, 6411337
List the prime factors of 28933934.
2, 14466967
List the prime factors of 2413740.
2, 3, 5, 7, 821
List the prime factors of 1469799.
3, 54437
List the prime factors of 303809.
11, 71, 389
What are the prime factors of 1458155?
5, 19, 15349
What are the prime factors of 5289339?
3, 11, 29, 5527
What are the prime factors of 136972?
2, 11, 283
What are the prime factors of 2788967?
439, 6353
What are the prime factors of 143643?
3, 47881
What are the prime factors of 1525278?
2, 3, 254213
What are the prime factors of 8541723?
3, 97, 149, 197
What are the prime factors of 590267?
590267
What are the prime factors of 2300990?
2, 5, 109, 2111
What are the prime factors of 1491175?
5, 7, 8521
List the prime factors of 240944.
2, 11, 37
What are the prime factors of 223112?
2, 167
List the prime factors of 16485788.
2, 11, 374677
List the prime factors of 768385.
5, 239, 643
What are the prime factors of 39159287?
39159287
What are the prime factors of 28995141?
3, 7, 1380721
List the prime factors of 7068288.
2, 3, 79, 233
List the prime factors of 8888539.
11, 73459
List the prime factors of 461323.
461323
List the prime factors of 4307915.
5, 31, 27793
List the prime factors of 1583405.
5, 316681
What are the prime factors of 335503?
7, 41, 167
List the prime factors of 3740293.
3